{"id":1313,"date":"2021-02-08T00:27:34","date_gmt":"2021-02-08T00:27:34","guid":{"rendered":"http:\/\/javierh.sgedu.site\/?post_type=product&#038;p=1313"},"modified":"2024-07-26T12:49:14","modified_gmt":"2024-07-26T12:49:14","slug":"les-complements-dobjet-du-verbe","status":"publish","type":"product","link":"https:\/\/myclass.mc\/en\/product\/les-complements-dobjet-du-verbe\/","title":{"rendered":"Les compl\u00e9ments d&#8217;objet du verbe direct et indirect"},"content":{"rendered":"","protected":false},"excerpt":{"rendered":"","protected":false},"featured_media":21690,"comment_status":"open","ping_status":"closed","template":"","meta":{"_kadence_starter_templates_imported_post":false,"_kad_post_transparent":"default","_kad_post_title":"","_kad_post_layout":"default","_kad_post_sidebar_id":"","_kad_post_content_style":"default","_kad_post_vertical_padding":"default","_kad_post_feature":"","_kad_post_feature_position":"","_kad_post_header":false,"_kad_post_footer":false},"product_brand":[],"product_cat":[60,55],"product_tag":[45,46],"class_list":{"0":"post-1313","1":"product","2":"type-product","3":"status-publish","4":"has-post-thumbnail","6":"product_cat-cm2","7":"product_cat-grammaire","8":"product_tag-lecon-10","9":"product_tag-lesson-10","11":"first","12":"instock","13":"virtual","14":"sold-individually","15":"taxable","16":"purchasable","17":"product-type-simple","18":"entry","19":"content-bg","20":"loop-entry"},"yoast_head":"<!-- This site is optimized with the Yoast SEO plugin v27.5 - https:\/\/yoast.com\/product\/yoast-seo-wordpress\/ -->\n<title>Les compl\u00e9ments d&#039;objet du verbe direct et indirect - Les compl\u00e9ments d&#039;objet du verbe - MyClass<\/title>\n<meta name=\"description\" content=\"Les compl\u00e9ments d&#039;objet du verbe. Permettre de diff\u00e9rencier la notion de compl\u00e9ment d\u2019objet du verbe et de compl\u00e9ment circonstanciel.\" \/>\n<meta name=\"robots\" content=\"index, follow, max-snippet:-1, max-image-preview:large, max-video-preview:-1\" \/>\n<link rel=\"canonical\" href=\"https:\/\/myclass.mc\/en\/product\/les-complements-dobjet-du-verbe\/\" \/>\n<meta property=\"og:locale\" content=\"en_US\" \/>\n<meta property=\"og:type\" content=\"article\" \/>\n<meta property=\"og:title\" content=\"Les compl\u00e9ments d&#039;objet du verbe direct et indirect - Les compl\u00e9ments d&#039;objet du verbe - MyClass\" \/>\n<meta property=\"og:description\" content=\"Les compl\u00e9ments d&#039;objet du verbe. Permettre de diff\u00e9rencier la notion de compl\u00e9ment d\u2019objet du verbe et de compl\u00e9ment circonstanciel.\" \/>\n<meta property=\"og:url\" content=\"https:\/\/myclass.mc\/en\/product\/les-complements-dobjet-du-verbe\/\" \/>\n<meta property=\"og:site_name\" content=\"MyClass\" \/>\n<meta property=\"article:modified_time\" content=\"2024-07-26T12:49:14+00:00\" \/>\n<meta property=\"og:image\" content=\"https:\/\/myclass.mc\/wp-content\/uploads\/2021\/02\/10-Les-complements-dobjet-du-verbe-9.23.png\" \/>\n\t<meta property=\"og:image:width\" content=\"600\" \/>\n\t<meta property=\"og:image:height\" content=\"337\" \/>\n\t<meta property=\"og:image:type\" content=\"image\/png\" \/>\n<meta name=\"twitter:card\" content=\"summary_large_image\" \/>\n<script type=\"application\/ld+json\" class=\"yoast-schema-graph\">{\"@context\":\"https:\\\/\\\/schema.org\",\"@graph\":[{\"@type\":\"WebPage\",\"@id\":\"https:\\\/\\\/myclass.mc\\\/product\\\/les-complements-dobjet-du-verbe\\\/\",\"url\":\"https:\\\/\\\/myclass.mc\\\/product\\\/les-complements-dobjet-du-verbe\\\/\",\"name\":\"Les compl\u00e9ments d'objet du verbe direct et indirect - Les compl\u00e9ments d'objet du verbe - MyClass\",\"isPartOf\":{\"@id\":\"https:\\\/\\\/myclass.mc\\\/#website\"},\"primaryImageOfPage\":{\"@id\":\"https:\\\/\\\/myclass.mc\\\/product\\\/les-complements-dobjet-du-verbe\\\/#primaryimage\"},\"image\":{\"@id\":\"https:\\\/\\\/myclass.mc\\\/product\\\/les-complements-dobjet-du-verbe\\\/#primaryimage\"},\"thumbnailUrl\":\"https:\\\/\\\/myclass.mc\\\/wp-content\\\/uploads\\\/2021\\\/02\\\/10-Les-complements-dobjet-du-verbe-9.23.png\",\"datePublished\":\"2021-02-08T00:27:34+00:00\",\"dateModified\":\"2024-07-26T12:49:14+00:00\",\"description\":\"Les compl\u00e9ments d'objet du verbe. Permettre de diff\u00e9rencier la notion de compl\u00e9ment d\u2019objet du verbe et de compl\u00e9ment circonstanciel.\",\"breadcrumb\":{\"@id\":\"https:\\\/\\\/myclass.mc\\\/product\\\/les-complements-dobjet-du-verbe\\\/#breadcrumb\"},\"inLanguage\":\"en-US\",\"potentialAction\":[{\"@type\":\"ReadAction\",\"target\":[\"https:\\\/\\\/myclass.mc\\\/product\\\/les-complements-dobjet-du-verbe\\\/\"]}]},{\"@type\":\"ImageObject\",\"inLanguage\":\"en-US\",\"@id\":\"https:\\\/\\\/myclass.mc\\\/product\\\/les-complements-dobjet-du-verbe\\\/#primaryimage\",\"url\":\"https:\\\/\\\/myclass.mc\\\/wp-content\\\/uploads\\\/2021\\\/02\\\/10-Les-complements-dobjet-du-verbe-9.23.png\",\"contentUrl\":\"https:\\\/\\\/myclass.mc\\\/wp-content\\\/uploads\\\/2021\\\/02\\\/10-Les-complements-dobjet-du-verbe-9.23.png\",\"width\":600,\"height\":337},{\"@type\":\"BreadcrumbList\",\"@id\":\"https:\\\/\\\/myclass.mc\\\/product\\\/les-complements-dobjet-du-verbe\\\/#breadcrumb\",\"itemListElement\":[{\"@type\":\"ListItem\",\"position\":1,\"name\":\"Accueil\",\"item\":\"https:\\\/\\\/myclass.mc\\\/\"},{\"@type\":\"ListItem\",\"position\":2,\"name\":\"BOUTIQUE\",\"item\":\"https:\\\/\\\/myclass.mc\\\/en\\\/boutique\\\/\"},{\"@type\":\"ListItem\",\"position\":3,\"name\":\"Les compl\u00e9ments d&#8217;objet du verbe direct et indirect\"}]},{\"@type\":\"WebSite\",\"@id\":\"https:\\\/\\\/myclass.mc\\\/#website\",\"url\":\"https:\\\/\\\/myclass.mc\\\/\",\"name\":\"MyClass\",\"description\":\"Apprendre en s&#039;amusant !\",\"publisher\":{\"@id\":\"https:\\\/\\\/myclass.mc\\\/#organization\"},\"potentialAction\":[{\"@type\":\"SearchAction\",\"target\":{\"@type\":\"EntryPoint\",\"urlTemplate\":\"https:\\\/\\\/myclass.mc\\\/?s={search_term_string}\"},\"query-input\":{\"@type\":\"PropertyValueSpecification\",\"valueRequired\":true,\"valueName\":\"search_term_string\"}}],\"inLanguage\":\"en-US\"},{\"@type\":\"Organization\",\"@id\":\"https:\\\/\\\/myclass.mc\\\/#organization\",\"name\":\"MyClass\",\"url\":\"https:\\\/\\\/myclass.mc\\\/\",\"logo\":{\"@type\":\"ImageObject\",\"inLanguage\":\"en-US\",\"@id\":\"https:\\\/\\\/myclass.mc\\\/#\\\/schema\\\/logo\\\/image\\\/\",\"url\":\"https:\\\/\\\/myclass.mc\\\/wp-content\\\/uploads\\\/2021\\\/01\\\/00HeaderLogo.png\",\"contentUrl\":\"https:\\\/\\\/myclass.mc\\\/wp-content\\\/uploads\\\/2021\\\/01\\\/00HeaderLogo.png\",\"width\":134,\"height\":63,\"caption\":\"MyClass\"},\"image\":{\"@id\":\"https:\\\/\\\/myclass.mc\\\/#\\\/schema\\\/logo\\\/image\\\/\"}}]}<\/script>\n<!-- \/ Yoast SEO plugin. -->","yoast_head_json":{"title":"Les compl\u00e9ments d'objet du verbe direct et indirect - Les compl\u00e9ments d'objet du verbe - MyClass","description":"Les compl\u00e9ments d'objet du verbe. Permettre de diff\u00e9rencier la notion de compl\u00e9ment d\u2019objet du verbe et de compl\u00e9ment circonstanciel.","robots":{"index":"index","follow":"follow","max-snippet":"max-snippet:-1","max-image-preview":"max-image-preview:large","max-video-preview":"max-video-preview:-1"},"canonical":"https:\/\/myclass.mc\/en\/product\/les-complements-dobjet-du-verbe\/","og_locale":"en_US","og_type":"article","og_title":"Les compl\u00e9ments d'objet du verbe direct et indirect - Les compl\u00e9ments d'objet du verbe - MyClass","og_description":"Les compl\u00e9ments d'objet du verbe. Permettre de diff\u00e9rencier la notion de compl\u00e9ment d\u2019objet du verbe et de compl\u00e9ment circonstanciel.","og_url":"https:\/\/myclass.mc\/en\/product\/les-complements-dobjet-du-verbe\/","og_site_name":"MyClass","article_modified_time":"2024-07-26T12:49:14+00:00","og_image":[{"width":600,"height":337,"url":"https:\/\/myclass.mc\/wp-content\/uploads\/2021\/02\/10-Les-complements-dobjet-du-verbe-9.23.png","type":"image\/png"}],"twitter_card":"summary_large_image","schema":{"@context":"https:\/\/schema.org","@graph":[{"@type":"WebPage","@id":"https:\/\/myclass.mc\/product\/les-complements-dobjet-du-verbe\/","url":"https:\/\/myclass.mc\/product\/les-complements-dobjet-du-verbe\/","name":"Les compl\u00e9ments d'objet du verbe direct et indirect - Les compl\u00e9ments d'objet du verbe - MyClass","isPartOf":{"@id":"https:\/\/myclass.mc\/#website"},"primaryImageOfPage":{"@id":"https:\/\/myclass.mc\/product\/les-complements-dobjet-du-verbe\/#primaryimage"},"image":{"@id":"https:\/\/myclass.mc\/product\/les-complements-dobjet-du-verbe\/#primaryimage"},"thumbnailUrl":"https:\/\/myclass.mc\/wp-content\/uploads\/2021\/02\/10-Les-complements-dobjet-du-verbe-9.23.png","datePublished":"2021-02-08T00:27:34+00:00","dateModified":"2024-07-26T12:49:14+00:00","description":"Les compl\u00e9ments d'objet du verbe. Permettre de diff\u00e9rencier la notion de compl\u00e9ment d\u2019objet du verbe et de compl\u00e9ment circonstanciel.","breadcrumb":{"@id":"https:\/\/myclass.mc\/product\/les-complements-dobjet-du-verbe\/#breadcrumb"},"inLanguage":"en-US","potentialAction":[{"@type":"ReadAction","target":["https:\/\/myclass.mc\/product\/les-complements-dobjet-du-verbe\/"]}]},{"@type":"ImageObject","inLanguage":"en-US","@id":"https:\/\/myclass.mc\/product\/les-complements-dobjet-du-verbe\/#primaryimage","url":"https:\/\/myclass.mc\/wp-content\/uploads\/2021\/02\/10-Les-complements-dobjet-du-verbe-9.23.png","contentUrl":"https:\/\/myclass.mc\/wp-content\/uploads\/2021\/02\/10-Les-complements-dobjet-du-verbe-9.23.png","width":600,"height":337},{"@type":"BreadcrumbList","@id":"https:\/\/myclass.mc\/product\/les-complements-dobjet-du-verbe\/#breadcrumb","itemListElement":[{"@type":"ListItem","position":1,"name":"Accueil","item":"https:\/\/myclass.mc\/"},{"@type":"ListItem","position":2,"name":"BOUTIQUE","item":"https:\/\/myclass.mc\/en\/boutique\/"},{"@type":"ListItem","position":3,"name":"Les compl\u00e9ments d&#8217;objet du verbe direct et indirect"}]},{"@type":"WebSite","@id":"https:\/\/myclass.mc\/#website","url":"https:\/\/myclass.mc\/","name":"MyClass","description":"Apprendre en s&#039;amusant !","publisher":{"@id":"https:\/\/myclass.mc\/#organization"},"potentialAction":[{"@type":"SearchAction","target":{"@type":"EntryPoint","urlTemplate":"https:\/\/myclass.mc\/?s={search_term_string}"},"query-input":{"@type":"PropertyValueSpecification","valueRequired":true,"valueName":"search_term_string"}}],"inLanguage":"en-US"},{"@type":"Organization","@id":"https:\/\/myclass.mc\/#organization","name":"MyClass","url":"https:\/\/myclass.mc\/","logo":{"@type":"ImageObject","inLanguage":"en-US","@id":"https:\/\/myclass.mc\/#\/schema\/logo\/image\/","url":"https:\/\/myclass.mc\/wp-content\/uploads\/2021\/01\/00HeaderLogo.png","contentUrl":"https:\/\/myclass.mc\/wp-content\/uploads\/2021\/01\/00HeaderLogo.png","width":134,"height":63,"caption":"MyClass"},"image":{"@id":"https:\/\/myclass.mc\/#\/schema\/logo\/image\/"}}]}},"_links":{"self":[{"href":"https:\/\/myclass.mc\/en\/wp-json\/wp\/v2\/product\/1313","targetHints":{"allow":["GET"]}}],"collection":[{"href":"https:\/\/myclass.mc\/en\/wp-json\/wp\/v2\/product"}],"about":[{"href":"https:\/\/myclass.mc\/en\/wp-json\/wp\/v2\/types\/product"}],"replies":[{"embeddable":true,"href":"https:\/\/myclass.mc\/en\/wp-json\/wp\/v2\/comments?post=1313"}],"version-history":[{"count":0,"href":"https:\/\/myclass.mc\/en\/wp-json\/wp\/v2\/product\/1313\/revisions"}],"wp:featuredmedia":[{"embeddable":true,"href":"https:\/\/myclass.mc\/en\/wp-json\/wp\/v2\/media\/21690"}],"wp:attachment":[{"href":"https:\/\/myclass.mc\/en\/wp-json\/wp\/v2\/media?parent=1313"}],"wp:term":[{"taxonomy":"product_brand","embeddable":true,"href":"https:\/\/myclass.mc\/en\/wp-json\/wp\/v2\/product_brand?post=1313"},{"taxonomy":"product_cat","embeddable":true,"href":"https:\/\/myclass.mc\/en\/wp-json\/wp\/v2\/product_cat?post=1313"},{"taxonomy":"product_tag","embeddable":true,"href":"https:\/\/myclass.mc\/en\/wp-json\/wp\/v2\/product_tag?post=1313"}],"curies":[{"name":"wp","href":"https:\/\/api.w.org\/{rel}","templated":true}]}}

Les compléments d&#8217;objet du verbe direct et indirect

<!-- This site is optimized with the Yoast SEO plugin v27.5 - https://yoast.com/product/yoast-seo-wordpress/ -->
<title>Les compléments d&#039;objet du verbe direct et indirect - Les compléments d&#039;objet du verbe - MyClass</title>
<meta name="description" content="Les compléments d&#039;objet du verbe. Permettre de différencier la notion de complément d’objet du verbe et de complément circonstanciel." />
<meta name="robots" content="index, follow, max-snippet:-1, max-image-preview:large, max-video-preview:-1" />
<link rel="canonical" href="https://myclass.mc/en/product/les-complements-dobjet-du-verbe/" />
<meta property="og:locale" content="en_US" />
<meta property="og:type" content="article" />
<meta property="og:title" content="Les compléments d&#039;objet du verbe direct et indirect - Les compléments d&#039;objet du verbe - MyClass" />
<meta property="og:description" content="Les compléments d&#039;objet du verbe. Permettre de différencier la notion de complément d’objet du verbe et de complément circonstanciel." />
<meta property="og:url" content="https://myclass.mc/en/product/les-complements-dobjet-du-verbe/" />
<meta property="og:site_name" content="MyClass" />
<meta property="article:modified_time" content="2024-07-26T12:49:14+00:00" />
<meta property="og:image" content="https://myclass.mc/wp-content/uploads/2021/02/10-Les-complements-dobjet-du-verbe-9.23.png" />
	<meta property="og:image:width" content="600" />
	<meta property="og:image:height" content="337" />
	<meta property="og:image:type" content="image/png" />
<meta name="twitter:card" content="summary_large_image" />
<script type="application/ld+json" class="yoast-schema-graph">{"@context":"https:\/\/schema.org","@graph":[{"@type":"WebPage","@id":"https:\/\/myclass.mc\/product\/les-complements-dobjet-du-verbe\/","url":"https:\/\/myclass.mc\/product\/les-complements-dobjet-du-verbe\/","name":"Les compléments d'objet du verbe direct et indirect - Les compléments d'objet du verbe - MyClass","isPartOf":{"@id":"https:\/\/myclass.mc\/#website"},"primaryImageOfPage":{"@id":"https:\/\/myclass.mc\/product\/les-complements-dobjet-du-verbe\/#primaryimage"},"image":{"@id":"https:\/\/myclass.mc\/product\/les-complements-dobjet-du-verbe\/#primaryimage"},"thumbnailUrl":"https:\/\/myclass.mc\/wp-content\/uploads\/2021\/02\/10-Les-complements-dobjet-du-verbe-9.23.png","datePublished":"2021-02-08T00:27:34+00:00","dateModified":"2024-07-26T12:49:14+00:00","description":"Les compléments d'objet du verbe. Permettre de différencier la notion de complément d’objet du verbe et de complément circonstanciel.","breadcrumb":{"@id":"https:\/\/myclass.mc\/product\/les-complements-dobjet-du-verbe\/#breadcrumb"},"inLanguage":"en-US","potentialAction":[{"@type":"ReadAction","target":["https:\/\/myclass.mc\/product\/les-complements-dobjet-du-verbe\/"]}]},{"@type":"ImageObject","inLanguage":"en-US","@id":"https:\/\/myclass.mc\/product\/les-complements-dobjet-du-verbe\/#primaryimage","url":"https:\/\/myclass.mc\/wp-content\/uploads\/2021\/02\/10-Les-complements-dobjet-du-verbe-9.23.png","contentUrl":"https:\/\/myclass.mc\/wp-content\/uploads\/2021\/02\/10-Les-complements-dobjet-du-verbe-9.23.png","width":600,"height":337},{"@type":"BreadcrumbList","@id":"https:\/\/myclass.mc\/product\/les-complements-dobjet-du-verbe\/#breadcrumb","itemListElement":[{"@type":"ListItem","position":1,"name":"Accueil","item":"https:\/\/myclass.mc\/"},{"@type":"ListItem","position":2,"name":"BOUTIQUE","item":"https:\/\/myclass.mc\/en\/boutique\/"},{"@type":"ListItem","position":3,"name":"Les compléments d&#8217;objet du verbe direct et indirect"}]},{"@type":"WebSite","@id":"https:\/\/myclass.mc\/#website","url":"https:\/\/myclass.mc\/","name":"MyClass","description":"Apprendre en s&#039;amusant !","publisher":{"@id":"https:\/\/myclass.mc\/#organization"},"potentialAction":[{"@type":"SearchAction","target":{"@type":"EntryPoint","urlTemplate":"https:\/\/myclass.mc\/?s={search_term_string}"},"query-input":{"@type":"PropertyValueSpecification","valueRequired":true,"valueName":"search_term_string"}}],"inLanguage":"en-US"},{"@type":"Organization","@id":"https:\/\/myclass.mc\/#organization","name":"MyClass","url":"https:\/\/myclass.mc\/","logo":{"@type":"ImageObject","inLanguage":"en-US","@id":"https:\/\/myclass.mc\/#\/schema\/logo\/image\/","url":"https:\/\/myclass.mc\/wp-content\/uploads\/2021\/01\/00HeaderLogo.png","contentUrl":"https:\/\/myclass.mc\/wp-content\/uploads\/2021\/01\/00HeaderLogo.png","width":134,"height":63,"caption":"MyClass"},"image":{"@id":"https:\/\/myclass.mc\/#\/schema\/logo\/image\/"}}]}</script>
<!-- / Yoast SEO plugin. -->

Les compléments d'objet du verbe direct et indirect - Les compléments d'objet du verbe - MyClass

Les compléments d'objet du verbe. Permettre de différencier la notion de complément d’objet du verbe et de complément circonstanciel.
